{"id":228,"date":"2026-02-17T05:10:49","date_gmt":"2026-02-17T10:10:49","guid":{"rendered":"https:\/\/xn--arospatiale-bbb.xn--qubec-csa.tk\/services\/"},"modified":"2026-02-17T05:56:58","modified_gmt":"2026-02-17T10:56:58","slug":"services","status":"publish","type":"page","link":"https:\/\/xn--arospatiale-bbb.xn--qubec-csa.tk\/demo-ia\/services\/","title":{"rendered":"Services"},"content":{"rendered":"\n<div class=\"wp-block-uagb-container uagb-block-9ed5e6d4 alignfull uagb-is-root-container\"><div class=\"uagb-container-inner-blocks-wrap\">\n<div class=\"wp-block-uagb-info-box uagb-block-d5b134cc uagb-infobox__content-wrap  uagb-infobox-icon-above-title uagb-infobox-image-valign-top\"><div class=\"uagb-ifb-content\"><div class=\"uagb-ifb-title-wrap\"><span class=\"uagb-ifb-title-prefix\">Nos Solutions<\/span><h1 class=\"uagb-ifb-title\">Innovations pour un Avenir Durable<\/h1><\/div><\/div><\/div>\n<\/div><\/div>\n\n\n\n<div class=\"wp-block-uagb-container uagb-block-48009aef alignfull uagb-is-root-container\"><div class=\"uagb-container-inner-blocks-wrap\">\n<div class=\"wp-block-uagb-container uagb-block-5250fd34\">\n<div class=\"wp-block-uagb-container uagb-block-e2a91d97\">\n<div class=\"wp-block-uagb-image alignleft uagb-block-8590ae9a wp-block-uagb-image--layout-default wp-block-uagb-image--effect-static wp-block-uagb-image--align-left\"><figure class=\"wp-block-uagb-image__figure\"><img decoding=\"async\" srcset=\"https:\/\/xn--arospatiale-bbb.xn--qubec-csa.tk\/wp-content\/uploads\/sites\/41\/2026\/02\/pexels-photo-18597128-683x1024.jpeg ,https:\/\/xn--arospatiale-bbb.xn--qubec-csa.tk\/wp-content\/uploads\/sites\/41\/2026\/02\/pexels-photo-18597128.jpeg 780w, https:\/\/xn--arospatiale-bbb.xn--qubec-csa.tk\/wp-content\/uploads\/sites\/41\/2026\/02\/pexels-photo-18597128.jpeg 360w\" sizes=\"auto, (max-width: 480px) 150px\" src=\"https:\/\/xn--arospatiale-bbb.xn--qubec-csa.tk\/wp-content\/uploads\/sites\/41\/2026\/02\/pexels-photo-18597128-683x1024.jpeg\" alt=\"Beautiful capture of the Milky Way across a clear night sky over a mountain silhouette.\" class=\"uag-image-19\" width=\"600\" height=\"450\" title=\"pexels photo 18597128\" loading=\"lazy\" role=\"img\"\/><\/figure><\/div>\n\n\n\n<div class=\"wp-block-uagb-info-box uagb-block-3c7afed0 uagb-infobox__content-wrap  uagb-infobox-icon-above-title uagb-infobox-image-valign-top\"><div class=\"uagb-ifb-content\"><div class=\"uagb-ifb-title-wrap\"><span class=\"uagb-ifb-title-prefix\">01.<\/span><h2 class=\"uagb-ifb-title\">Consultation Strat\u00e9gique<\/h2><\/div><p class=\"uagb-ifb-desc\">Nos experts proposent une consultation strat\u00e9gique pour identifier les opportunit\u00e9s et les d\u00e9fis auxquels font face les organisations. Avec une approche ax\u00e9e sur l&rsquo;autonomie, nous aidons nos clients \u00e0 d\u00e9velopper des strat\u00e9gies sur mesure. Gr\u00e2ce \u00e0 des analyses approfondies et \u00e0 des recommandations pratiques, nous vous guidons pour maximiser votre impact social. Ensemble, nous b\u00e2tissons des solutions durables qui r\u00e9pondent \u00e0 vos besoins sp\u00e9cifiques tout en tenant compte de l&rsquo;\u00e9volution de l&rsquo;environnement social et \u00e9conomique.<\/p><\/div><\/div>\n<\/div>\n\n\n\n<div class=\"wp-block-uagb-container uagb-block-39480438\">\n<div class=\"wp-block-uagb-image alignleft uagb-block-c0169bf8 wp-block-uagb-image--layout-default wp-block-uagb-image--effect-static wp-block-uagb-image--align-left\"><figure class=\"wp-block-uagb-image__figure\"><img decoding=\"async\" srcset=\"https:\/\/xn--arospatiale-bbb.xn--qubec-csa.tk\/wp-content\/uploads\/sites\/41\/2026\/02\/pexels-photo-8474439-683x1024.jpeg ,https:\/\/xn--arospatiale-bbb.xn--qubec-csa.tk\/wp-content\/uploads\/sites\/41\/2026\/02\/pexels-photo-8474439.jpeg 780w, https:\/\/xn--arospatiale-bbb.xn--qubec-csa.tk\/wp-content\/uploads\/sites\/41\/2026\/02\/pexels-photo-8474439.jpeg 360w\" sizes=\"auto, (max-width: 480px) 150px\" src=\"https:\/\/xn--arospatiale-bbb.xn--qubec-csa.tk\/wp-content\/uploads\/sites\/41\/2026\/02\/pexels-photo-8474439-683x1024.jpeg\" alt=\"Astronaut in spacesuit standing on rocky terrain with space helmet, side view.\" class=\"uag-image-20\" width=\"600\" height=\"350\" title=\"pexels photo 8474439\" loading=\"lazy\" role=\"img\"\/><\/figure><\/div>\n\n\n\n<div class=\"wp-block-uagb-info-box uagb-block-57760dfc uagb-infobox__content-wrap  uagb-infobox-icon-above-title uagb-infobox-image-valign-top\"><div class=\"uagb-ifb-content\"><div class=\"uagb-ifb-title-wrap\"><span class=\"uagb-ifb-title-prefix\">02.<\/span><h2 class=\"uagb-ifb-title\">Services d&rsquo;H\u00e9bergement Fiscal<\/h2><\/div><p class=\"uagb-ifb-desc\">Notre service d&rsquo;h\u00e9bergement fiscal est con\u00e7u pour soutenir des projets collectifs innovants. En offrant une structure flexible, nous garantissons un environnement s\u00e9curis\u00e9 pour la gestion de vos finances. Nos conseillers vous accompagnent dans chaque \u00e9tape du processus, en s&rsquo;assurant que vous respectez les exigences l\u00e9gales tout en optimisant vos ressources. Gr\u00e2ce \u00e0 notre expertise, nous facilitons le d\u00e9marrage de vos initiatives, vous permettant de vous concentrer sur la r\u00e9alisation de vos objectifs sociaux tout en r\u00e9duisant les contraintes administratives.<\/p><\/div><\/div>\n<\/div>\n<\/div>\n\n\n\n<div class=\"wp-block-uagb-container uagb-block-58944a93\">\n<div class=\"wp-block-uagb-container uagb-block-62a31330\">\n<div class=\"wp-block-uagb-image alignleft uagb-block-28a63686 wp-block-uagb-image--layout-default wp-block-uagb-image--effect-static wp-block-uagb-image--align-left\"><figure class=\"wp-block-uagb-image__figure\"><img decoding=\"async\" srcset=\"https:\/\/xn--arospatiale-bbb.xn--qubec-csa.tk\/wp-content\/uploads\/sites\/41\/2026\/02\/pexels-photo-5191961-1024x682.jpeg ,https:\/\/xn--arospatiale-bbb.xn--qubec-csa.tk\/wp-content\/uploads\/sites\/41\/2026\/02\/pexels-photo-5191961.jpeg 780w, https:\/\/xn--arospatiale-bbb.xn--qubec-csa.tk\/wp-content\/uploads\/sites\/41\/2026\/02\/pexels-photo-5191961.jpeg 360w\" sizes=\"auto, (max-width: 480px) 150px\" src=\"https:\/\/xn--arospatiale-bbb.xn--qubec-csa.tk\/wp-content\/uploads\/sites\/41\/2026\/02\/pexels-photo-5191961-1024x682.jpeg\" alt=\"Mesmerizing shot of the Andromeda Galaxy showcasing its spiral form in the cosmos.\" class=\"uag-image-21\" width=\"600\" height=\"350\" title=\"pexels photo 5191961\" loading=\"lazy\" role=\"img\"\/><\/figure><\/div>\n\n\n\n<div class=\"wp-block-uagb-info-box uagb-block-b870fe7d uagb-infobox__content-wrap  uagb-infobox-icon-above-title uagb-infobox-image-valign-top\"><div class=\"uagb-ifb-content\"><div class=\"uagb-ifb-title-wrap\"><span class=\"uagb-ifb-title-prefix\">03.<\/span><h2 class=\"uagb-ifb-title\">Mod\u00e8les d&rsquo;Organisation Adaptatifs<\/h2><\/div><p class=\"uagb-ifb-desc\">Nous proposons des mod\u00e8les d&rsquo;organisation adaptatifs qui r\u00e9pondent aux besoins sp\u00e9cifiques de votre \u00e9quipe. En int\u00e9grant des principes de diversit\u00e9 et d&rsquo;inclusivit\u00e9, nous favorisons un environnement de travail dynamique et r\u00e9actif. Nos solutions visent \u00e0 non seulement am\u00e9liorer l&rsquo;efficacit\u00e9 op\u00e9rationnelle, mais aussi \u00e0 stimuler l&rsquo;engagement et la cr\u00e9ativit\u00e9 de vos membres. Chaque mod\u00e8le est personnalis\u00e9 pour garantir qu&rsquo;il s&rsquo;aligne sur la vision et la mission de votre organisation, tout en r\u00e9pondant aux exigences changeantes du march\u00e9.<\/p><\/div><\/div>\n<\/div>\n\n\n\n<div class=\"wp-block-uagb-container uagb-block-a474bc71\">\n<div class=\"wp-block-uagb-image alignleft uagb-block-616a26fd wp-block-uagb-image--layout-default wp-block-uagb-image--effect-static wp-block-uagb-image--align-left\"><figure class=\"wp-block-uagb-image__figure\"><img decoding=\"async\" srcset=\"https:\/\/xn--arospatiale-bbb.xn--qubec-csa.tk\/wp-content\/uploads\/sites\/41\/2026\/02\/pexels-photo-574115-681x1024.jpeg ,https:\/\/xn--arospatiale-bbb.xn--qubec-csa.tk\/wp-content\/uploads\/sites\/41\/2026\/02\/pexels-photo-574115.jpeg 780w, https:\/\/xn--arospatiale-bbb.xn--qubec-csa.tk\/wp-content\/uploads\/sites\/41\/2026\/02\/pexels-photo-574115.jpeg 360w\" sizes=\"auto, (max-width: 480px) 150px\" src=\"https:\/\/xn--arospatiale-bbb.xn--qubec-csa.tk\/wp-content\/uploads\/sites\/41\/2026\/02\/pexels-photo-574115-681x1024.jpeg\" alt=\"Captivating view of the starry night sky showcasing the Milky Way galaxy's brilliance.\" class=\"uag-image-22\" width=\"600\" height=\"450\" title=\"pexels photo 574115\" loading=\"lazy\" role=\"img\"\/><\/figure><\/div>\n\n\n\n<div class=\"wp-block-uagb-info-box uagb-block-65a70ccb uagb-infobox__content-wrap  uagb-infobox-icon-above-title uagb-infobox-image-valign-top\"><div class=\"uagb-ifb-content\"><div class=\"uagb-ifb-title-wrap\"><span class=\"uagb-ifb-title-prefix\">04.<\/span><h2 class=\"uagb-ifb-title\">Initiatives Collectives<\/h2><\/div><p class=\"uagb-ifb-desc\">Nous soutenons activement le d\u00e9marrage et le d\u00e9veloppement d&rsquo;initiatives collectives. Gr\u00e2ce \u00e0 notre expertise, vous b\u00e9n\u00e9ficiez de conseils strat\u00e9giques et d&rsquo;un r\u00e9seau de partenaires. Nos services incluent l&rsquo;accompagnement dans la co-cr\u00e9ation de projets qui r\u00e9pondent aux besoins de la communaut\u00e9. Ensemble, nous surmontons les obstacles traditionnels en favorisant des solutions durables et innovantes. Avec l&rsquo;Agence A\u00e9rospatiale, vous acc\u00e9dez \u00e0 un \u00e9cosyst\u00e8me collaboratif o\u00f9 chaque initiative a le potentiel de se transformer en un v\u00e9ritable levier de changement.<\/p><\/div><\/div>\n<\/div>\n<\/div>\n<\/div><\/div>\n\n\n\n<div class=\"wp-block-uagb-container uagb-block-b684870f alignfull uagb-is-root-container\"><div class=\"uagb-container-inner-blocks-wrap\">\n<div class=\"wp-block-uagb-info-box uagb-block-f83a47d8 uagb-infobox__content-wrap  uagb-infobox-icon-above-title uagb-infobox-image-valign-top\"><div class=\"uagb-ifb-content\"><div class=\"uagb-ifb-title-wrap\"><span class=\"uagb-ifb-title-prefix\">Prenez action maintenant<\/span><h2 class=\"uagb-ifb-title\">\u00c9laborez l&rsquo;avenir avec nous d\u00e8s aujourd&rsquo;hui!<\/h2><\/div><p class=\"uagb-ifb-desc\">Contactez-nous pour transformer vos id\u00e9es en r\u00e9alit\u00e9s collectives durables et innovantes.<\/p><div class=\"uagb-ifb-button-wrapper wp-block-button\"><a href=\"\/contact\/\" class=\"uagb-infobox-cta-link wp-block-button__link\" target=\"_self\" rel=\"noopener noreferrer\" onclick=\"return true;\"><span class=\"uagb-inline-editing\">Commencer maintenant<\/span><\/a><\/div><\/div><\/div>\n<\/div><\/div>\n","protected":false},"excerpt":{"rendered":"","protected":false},"author":1,"featured_media":0,"parent":0,"menu_order":0,"comment_status":"closed","ping_status":"closed","template":"","meta":{"_uag_custom_page_level_css":"","site-sidebar-layout":"default","site-content-layout":"","ast-site-content-layout":"default","site-content-style":"default","site-sidebar-style":"default","ast-global-header-display":"","ast-banner-title-visibility":"","ast-main-header-display":"","ast-hfb-above-header-display":"","ast-hfb-below-header-display":"","ast-hfb-mobile-header-display":"","site-post-title":"disabled","ast-breadcrumbs-content":"","ast-featured-img":"","footer-sml-layout":"","ast-disable-related-posts":"","theme-transparent-header-meta":"enabled","adv-header-id-meta":"","stick-header-meta":"","header-above-stick-meta":"","header-main-stick-meta":"","header-below-stick-meta":"","astra-migrate-meta-layouts":"default","ast-page-background-enabled":"default","ast-page-background-meta":{"desktop":{"background-color":"var(--ast-global-color-4)","background-image":"","background-repeat":"repeat","background-position":"center center","background-size":"auto","background-attachment":"scroll","background-type":"","background-media":"","overlay-type":"","overlay-color":"","overlay-opacity":"","overlay-gradient":""},"tablet":{"background-color":"","background-image":"","background-repeat":"repeat","background-position":"center center","background-size":"auto","background-attachment":"scroll","background-type":"","background-media":"","overlay-type":"","overlay-color":"","overlay-opacity":"","overlay-gradient":""},"mobile":{"background-color":"","background-image":"","background-repeat":"repeat","background-position":"center center","background-size":"auto","background-attachment":"scroll","background-type":"","background-media":"","overlay-type":"","overlay-color":"","overlay-opacity":"","overlay-gradient":""}},"ast-content-background-meta":{"desktop":{"background-color":"var(--ast-global-color-5)","background-image":"","background-repeat":"repeat","background-position":"center center","background-size":"auto","background-attachment":"scroll","background-type":"","background-media":"","overlay-type":"","overlay-color":"","overlay-opacity":"","overlay-gradient":""},"tablet":{"background-color":"var(--ast-global-color-5)","background-image":"","background-repeat":"repeat","background-position":"center center","background-size":"auto","background-attachment":"scroll","background-type":"","background-media":"","overlay-type":"","overlay-color":"","overlay-opacity":"","overlay-gradient":""},"mobile":{"background-color":"var(--ast-global-color-5)","background-image":"","background-repeat":"repeat","background-position":"center center","background-size":"auto","background-attachment":"scroll","background-type":"","background-media":"","overlay-type":"","overlay-color":"","overlay-opacity":"","overlay-gradient":""}},"footnotes":""},"class_list":["post-228","page","type-page","status-publish","hentry"],"uagb_featured_image_src":{"full":false,"thumbnail":false,"medium":false,"medium_large":false,"large":false,"1536x1536":false,"2048x2048":false},"uagb_author_info":{"display_name":"Nicolas","author_link":"https:\/\/xn--arospatiale-bbb.xn--qubec-csa.tk\/demo-ia\/author\/biguenique\/"},"uagb_comment_info":0,"uagb_excerpt":null,"_links":{"self":[{"href":"https:\/\/xn--arospatiale-bbb.xn--qubec-csa.tk\/demo-ia\/wp-json\/wp\/v2\/pages\/228","targetHints":{"allow":["GET"]}}],"collection":[{"href":"https:\/\/xn--arospatiale-bbb.xn--qubec-csa.tk\/demo-ia\/wp-json\/wp\/v2\/pages"}],"about":[{"href":"https:\/\/xn--arospatiale-bbb.xn--qubec-csa.tk\/demo-ia\/wp-json\/wp\/v2\/types\/page"}],"author":[{"embeddable":true,"href":"https:\/\/xn--arospatiale-bbb.xn--qubec-csa.tk\/demo-ia\/wp-json\/wp\/v2\/users\/1"}],"replies":[{"embeddable":true,"href":"https:\/\/xn--arospatiale-bbb.xn--qubec-csa.tk\/demo-ia\/wp-json\/wp\/v2\/comments?post=228"}],"version-history":[{"count":4,"href":"https:\/\/xn--arospatiale-bbb.xn--qubec-csa.tk\/demo-ia\/wp-json\/wp\/v2\/pages\/228\/revisions"}],"predecessor-version":[{"id":453,"href":"https:\/\/xn--arospatiale-bbb.xn--qubec-csa.tk\/demo-ia\/wp-json\/wp\/v2\/pages\/228\/revisions\/453"}],"wp:attachment":[{"href":"https:\/\/xn--arospatiale-bbb.xn--qubec-csa.tk\/demo-ia\/wp-json\/wp\/v2\/media?parent=228"}],"curies":[{"name":"wp","href":"https:\/\/api.w.org\/{rel}","templated":true}]}}